{"id":13,"date":"2025-09-30T19:17:35","date_gmt":"2025-09-30T19:17:35","guid":{"rendered":"http:\/\/192.168.168.249\/?page_id=13"},"modified":"2025-11-18T17:39:02","modified_gmt":"2025-11-18T17:39:02","slug":"inicio","status":"publish","type":"page","link":"https:\/\/cc-rnie.pt\/","title":{"rendered":"Inicio"},"content":{"rendered":"\t\t<div data-elementor-type=\"wp-page\" data-elementor-id=\"13\" class=\"elementor elementor-13\">\n\t\t\t\t<div class=\"elementor-element elementor-element-3cfdf5d e-con-full e-flex e-con e-parent\" data-id=\"3cfdf5d\" data-element_type=\"container\" data-e-type=\"container\">\n\t\t\t\t<div class=\"elementor-element elementor-element-e95f9f2 elementor-widget__width-initial elementor-widget elementor-widget-image\" data-id=\"e95f9f2\" data-element_type=\"widget\" data-e-type=\"widget\" data-widget_type=\"image.default\">\n\t\t\t\t\t\t\t\t\t\t\t\t\t\t\t<img fetchpriority=\"high\" decoding=\"async\" width=\"1685\" height=\"401\" src=\"https:\/\/cc-rnie.pt\/wp-content\/uploads\/2025\/11\/CC-RNIE-.png\" class=\"attachment-full size-full wp-image-243\" alt=\"\" srcset=\"https:\/\/cc-rnie.pt\/wp-content\/uploads\/2025\/11\/CC-RNIE-.png 1685w, https:\/\/cc-rnie.pt\/wp-content\/uploads\/2025\/11\/CC-RNIE--300x71.png 300w, https:\/\/cc-rnie.pt\/wp-content\/uploads\/2025\/11\/CC-RNIE--1024x244.png 1024w, https:\/\/cc-rnie.pt\/wp-content\/uploads\/2025\/11\/CC-RNIE--768x183.png 768w, https:\/\/cc-rnie.pt\/wp-content\/uploads\/2025\/11\/CC-RNIE--1536x366.png 1536w\" sizes=\"(max-width: 1685px) 100vw, 1685px\" \/>\t\t\t\t\t\t\t\t\t\t\t\t\t\t\t<\/div>\n\t\t\t\t<\/div>\n\t\t<div class=\"elementor-element elementor-element-8821725 e-flex e-con-boxed e-con e-parent\" data-id=\"8821725\" data-element_type=\"container\" data-e-type=\"container\">\n\t\t\t\t\t<div class=\"e-con-inner\">\n\t\t\t\t<div class=\"elementor-element elementor-element-95bb34e elementor-widget elementor-widget-text-editor\" data-id=\"95bb34e\" data-element_type=\"widget\" data-e-type=\"widget\" data-widget_type=\"text-editor.default\">\n\t\t\t\t\t\t\t\t\t<p>\u00d3rg\u00e3o consultivo e representativo que re\u00fane os coordenadores das Infraestruturas do Roteiro Nacional para articular posi\u00e7\u00f5es comuns, partilhar boas pr\u00e1ticas e assegurar o di\u00e1logo com a tutela, contribuindo para as pol\u00edticas p\u00fablicas, coopera\u00e7\u00e3o nacional, integra\u00e7\u00e3o europeia e a promo\u00e7\u00e3o de acesso respons\u00e1vel, ci\u00eancia aberta e sustentabilidade.<\/p>\t\t\t\t\t\t\t\t<\/div>\n\t\t\t\t<div class=\"elementor-element elementor-element-5c8d254 elementor-widget-divider--view-line elementor-widget elementor-widget-divider\" data-id=\"5c8d254\" data-element_type=\"widget\" data-e-type=\"widget\" data-widget_type=\"divider.default\">\n\t\t\t\t\t\t\t<div class=\"elementor-divider\">\n\t\t\t<span class=\"elementor-divider-separator\">\n\t\t\t\t\t\t<\/span>\n\t\t<\/div>\n\t\t\t\t\t\t<\/div>\n\t\t\t\t\t<\/div>\n\t\t\t\t<\/div>\n\t\t<div class=\"elementor-element elementor-element-6023b77 e-flex e-con-boxed e-con e-parent\" data-id=\"6023b77\" data-element_type=\"container\" data-e-type=\"container\">\n\t\t\t\t\t<div class=\"e-con-inner\">\n\t\t\t\t<div class=\"elementor-element elementor-element-4ba130d elementor-widget elementor-widget-menu-anchor\" data-id=\"4ba130d\" data-element_type=\"widget\" data-e-type=\"widget\" data-widget_type=\"menu-anchor.default\">\n\t\t\t\t\t\t\t<div class=\"elementor-menu-anchor\" id=\"infraestruturas\"><\/div>\n\t\t\t\t\t\t<\/div>\n\t\t\t\t<div class=\"elementor-element elementor-element-799a4a4 elementor-widget elementor-widget-heading\" data-id=\"799a4a4\" data-element_type=\"widget\" data-e-type=\"widget\" data-widget_type=\"heading.default\">\n\t\t\t\t\t<h2 class=\"elementor-heading-title elementor-size-default\">Infraestruturas do Roteiro<\/h2>\t\t\t\t<\/div>\n\t\t\t\t<div class=\"elementor-element elementor-element-99c781a elementor-widget elementor-widget-text-editor\" data-id=\"99c781a\" data-element_type=\"widget\" data-e-type=\"widget\" data-widget_type=\"text-editor.default\">\n\t\t\t\t\t\t\t\t\t<p>O Roteiro Nacional integra infraestruturas organizadas em seis dom\u00ednios cient\u00edficos definidos pela FCT.<\/p>\t\t\t\t\t\t\t\t<\/div>\n\t\t\t\t\t<\/div>\n\t\t\t\t<\/div>\n\t\t<div class=\"elementor-element elementor-element-d885a81 e-flex e-con-boxed e-con e-parent\" data-id=\"d885a81\" data-element_type=\"container\" data-e-type=\"container\">\n\t\t\t\t\t<div class=\"e-con-inner\">\n\t\t<div class=\"elementor-element elementor-element-0a8cfa2 e-con-full e-flex e-con e-child\" data-id=\"0a8cfa2\" data-element_type=\"container\" data-e-type=\"container\" data-settings=\"{&quot;background_background&quot;:&quot;classic&quot;}\">\n\t\t\t\t<div class=\"elementor-element elementor-element-f9836b5 elementor-widget elementor-widget-heading\" data-id=\"f9836b5\" data-element_type=\"widget\" data-e-type=\"widget\" data-widget_type=\"heading.default\">\n\t\t\t\t\t<h5 class=\"elementor-heading-title elementor-size-default\">Energia<\/h5>\t\t\t\t<\/div>\n\t\t\t\t<div class=\"elementor-element elementor-element-9418958 elementor-widget elementor-widget-text-editor\" data-id=\"9418958\" data-element_type=\"widget\" data-e-type=\"widget\" data-widget_type=\"text-editor.default\">\n\t\t\t\t\t\t\t\t\t<p>Transi\u00e7\u00e3o energ\u00e9tica e materiais.<\/p>\t\t\t\t\t\t\t\t<\/div>\n\t\t\t\t<\/div>\n\t\t<div class=\"elementor-element elementor-element-365cd37 e-con-full e-flex e-con e-child\" data-id=\"365cd37\" data-element_type=\"container\" data-e-type=\"container\" data-settings=\"{&quot;background_background&quot;:&quot;classic&quot;}\">\n\t\t\t\t<div class=\"elementor-element elementor-element-c7360fe elementor-widget elementor-widget-heading\" data-id=\"c7360fe\" data-element_type=\"widget\" data-e-type=\"widget\" data-widget_type=\"heading.default\">\n\t\t\t\t\t<h5 class=\"elementor-heading-title elementor-size-default\">Ambiente<\/h5>\t\t\t\t<\/div>\n\t\t\t\t<div class=\"elementor-element elementor-element-131a8bc elementor-widget elementor-widget-text-editor\" data-id=\"131a8bc\" data-element_type=\"widget\" data-e-type=\"widget\" data-widget_type=\"text-editor.default\">\n\t\t\t\t\t\t\t\t\t<p>Observa\u00e7\u00e3o, monitoriza\u00e7\u00e3o e servi\u00e7os ambientais.<\/p>\t\t\t\t\t\t\t\t<\/div>\n\t\t\t\t<\/div>\n\t\t<div class=\"elementor-element elementor-element-3486648 e-con-full e-flex e-con e-child\" data-id=\"3486648\" data-element_type=\"container\" data-e-type=\"container\" data-settings=\"{&quot;background_background&quot;:&quot;classic&quot;}\">\n\t\t\t\t<div class=\"elementor-element elementor-element-5536cc0 elementor-widget elementor-widget-heading\" data-id=\"5536cc0\" data-element_type=\"widget\" data-e-type=\"widget\" data-widget_type=\"heading.default\">\n\t\t\t\t\t<h5 class=\"elementor-heading-title elementor-size-default\">Sa\u00fade e Alimenta\u00e7\u00e3o<\/h5>\t\t\t\t<\/div>\n\t\t\t\t<div class=\"elementor-element elementor-element-a2ae058 elementor-widget elementor-widget-text-editor\" data-id=\"a2ae058\" data-element_type=\"widget\" data-e-type=\"widget\" data-widget_type=\"text-editor.default\">\n\t\t\t\t\t\t\t\t\t<p>Biobancos, plataformas cl\u00ednicas e de ensaios.<\/p>\t\t\t\t\t\t\t\t<\/div>\n\t\t\t\t<\/div>\n\t\t\t\t\t<\/div>\n\t\t\t\t<\/div>\n\t\t<div class=\"elementor-element elementor-element-706caa9 e-flex e-con-boxed e-con e-parent\" data-id=\"706caa9\" data-element_type=\"container\" data-e-type=\"container\">\n\t\t\t\t\t<div class=\"e-con-inner\">\n\t\t<div class=\"elementor-element elementor-element-a1346a9 e-con-full e-flex e-con e-child\" data-id=\"a1346a9\" data-element_type=\"container\" data-e-type=\"container\" data-settings=\"{&quot;background_background&quot;:&quot;classic&quot;}\">\n\t\t\t\t<div class=\"elementor-element elementor-element-7ff9035 elementor-widget elementor-widget-heading\" data-id=\"7ff9035\" data-element_type=\"widget\" data-e-type=\"widget\" data-widget_type=\"heading.default\">\n\t\t\t\t\t<h5 class=\"elementor-heading-title elementor-size-default\">Ci\u00eancias F\u00edsicas e Engenharia<\/h5>\t\t\t\t<\/div>\n\t\t\t\t<div class=\"elementor-element elementor-element-f7b5245 elementor-widget elementor-widget-text-editor\" data-id=\"f7b5245\" data-element_type=\"widget\" data-e-type=\"widget\" data-widget_type=\"text-editor.default\">\n\t\t\t\t\t\t\t\t\t<p>Laborat\u00f3rios e grandes equipamentos.<\/p>\t\t\t\t\t\t\t\t<\/div>\n\t\t\t\t<\/div>\n\t\t<div class=\"elementor-element elementor-element-53eacbb e-con-full e-flex e-con e-child\" data-id=\"53eacbb\" data-element_type=\"container\" data-e-type=\"container\" data-settings=\"{&quot;background_background&quot;:&quot;classic&quot;}\">\n\t\t\t\t<div class=\"elementor-element elementor-element-04acd94 elementor-widget elementor-widget-heading\" data-id=\"04acd94\" data-element_type=\"widget\" data-e-type=\"widget\" data-widget_type=\"heading.default\">\n\t\t\t\t\t<h5 class=\"elementor-heading-title elementor-size-default\">Inova\u00e7\u00e3o Social e Cultural<\/h5>\t\t\t\t<\/div>\n\t\t\t\t<div class=\"elementor-element elementor-element-e4b87b6 elementor-widget elementor-widget-text-editor\" data-id=\"e4b87b6\" data-element_type=\"widget\" data-e-type=\"widget\" data-widget_type=\"text-editor.default\">\n\t\t\t\t\t\t\t\t\t<p>Dados, patrim\u00f3nio e inova\u00e7\u00e3o social.<\/p>\t\t\t\t\t\t\t\t<\/div>\n\t\t\t\t<\/div>\n\t\t<div class=\"elementor-element elementor-element-a1613e8 e-con-full e-flex e-con e-child\" data-id=\"a1613e8\" data-element_type=\"container\" data-e-type=\"container\" data-settings=\"{&quot;background_background&quot;:&quot;classic&quot;}\">\n\t\t\t\t<div class=\"elementor-element elementor-element-50f2e62 elementor-widget elementor-widget-heading\" data-id=\"50f2e62\" data-element_type=\"widget\" data-e-type=\"widget\" data-widget_type=\"heading.default\">\n\t\t\t\t\t<h5 class=\"elementor-heading-title elementor-size-default\">Infraestruturas Digitais<\/h5>\t\t\t\t<\/div>\n\t\t\t\t<div class=\"elementor-element elementor-element-cd9b4c7 elementor-widget elementor-widget-text-editor\" data-id=\"cd9b4c7\" data-element_type=\"widget\" data-e-type=\"widget\" data-widget_type=\"text-editor.default\">\n\t\t\t\t\t\t\t\t\t<p>Computa\u00e7\u00e3o avan\u00e7ada e dados.<\/p>\t\t\t\t\t\t\t\t<\/div>\n\t\t\t\t<\/div>\n\t\t\t\t\t<\/div>\n\t\t\t\t<\/div>\n\t\t<div class=\"elementor-element elementor-element-565d85a e-flex e-con-boxed e-con e-parent\" data-id=\"565d85a\" data-element_type=\"container\" data-e-type=\"container\">\n\t\t\t\t\t<div class=\"e-con-inner\">\n\t\t\t\t<div class=\"elementor-element elementor-element-1061705 elementor-widget elementor-widget-text-editor\" data-id=\"1061705\" data-element_type=\"widget\" data-e-type=\"widget\" data-widget_type=\"text-editor.default\">\n\t\t\t\t\t\t\t\t\t<p><a href=\"https:\/\/cc-rnie.pt\/index.php\/infraestruturas\/\" target=\"_blank\" rel=\"noopener\">Ver informa\u00e7\u00e3o detalhada.<\/a><\/p>\t\t\t\t\t\t\t\t<\/div>\n\t\t\t\t<div class=\"elementor-element elementor-element-c274626 elementor-widget elementor-widget-text-editor\" data-id=\"c274626\" data-element_type=\"widget\" data-e-type=\"widget\" data-widget_type=\"text-editor.default\">\n\t\t\t\t\t\t\t\t\t<p><strong>As infraestruturas do Roteiro articulam-se com infraestruturas europeias ESFRI\/ERIC, assegurando alinhamento, servi\u00e7os partilhados e integra\u00e7\u00e3o.<\/strong><\/p><p><a href=\"https:\/\/cc-rnie.pt\/index.php\/esfri\/\" target=\"_blank\" rel=\"noopener\">Ver liga\u00e7\u00f5es<\/a><\/p>\t\t\t\t\t\t\t\t<\/div>\n\t\t\t\t\t<\/div>\n\t\t\t\t<\/div>\n\t\t<div class=\"elementor-element elementor-element-a1f846a e-flex e-con-boxed e-con e-parent\" data-id=\"a1f846a\" data-element_type=\"container\" data-e-type=\"container\">\n\t\t\t\t\t<div class=\"e-con-inner\">\n\t\t\t\t<div class=\"elementor-element elementor-element-078b763 elementor-widget elementor-widget-menu-anchor\" data-id=\"078b763\" data-element_type=\"widget\" data-e-type=\"widget\" data-widget_type=\"menu-anchor.default\">\n\t\t\t\t\t\t\t<div class=\"elementor-menu-anchor\" id=\"comissao-instaladora\"><\/div>\n\t\t\t\t\t\t<\/div>\n\t\t\t\t<div class=\"elementor-element elementor-element-ccbd59c elementor-widget elementor-widget-heading\" data-id=\"ccbd59c\" data-element_type=\"widget\" data-e-type=\"widget\" data-widget_type=\"heading.default\">\n\t\t\t\t\t<h2 class=\"elementor-heading-title elementor-size-default\">Comiss\u00e3o Instaladora do CC-RNIE<\/h2>\t\t\t\t<\/div>\n\t\t\t\t\t<\/div>\n\t\t\t\t<\/div>\n\t\t<div class=\"elementor-element elementor-element-c5d16e9 e-flex e-con-boxed e-con e-parent\" data-id=\"c5d16e9\" data-element_type=\"container\" data-e-type=\"container\">\n\t\t\t\t\t<div class=\"e-con-inner\">\n\t\t<div class=\"elementor-element elementor-element-9191e3b e-con-full e-flex e-con e-child\" data-id=\"9191e3b\" data-element_type=\"container\" data-e-type=\"container\" data-settings=\"{&quot;background_background&quot;:&quot;classic&quot;}\">\n\t\t\t\t<div class=\"elementor-element elementor-element-258e847 elementor-widget elementor-widget-text-editor\" data-id=\"258e847\" data-element_type=\"widget\" data-e-type=\"widget\" data-widget_type=\"text-editor.default\">\n\t\t\t\t\t\t\t\t\t<p><strong>Lu\u00edsa Cortes<\/strong>\u00a0\u2014 PPBI, Sa\u00fade e Alimenta\u00e7\u00e3o \u2014\u00a0<em>Coordenadora<\/em><\/p>\t\t\t\t\t\t\t\t<\/div>\n\t\t\t\t<\/div>\n\t\t<div class=\"elementor-element elementor-element-b4fd4ca e-con-full e-flex e-con e-child\" data-id=\"b4fd4ca\" data-element_type=\"container\" data-e-type=\"container\" data-settings=\"{&quot;background_background&quot;:&quot;classic&quot;}\">\n\t\t\t\t<div class=\"elementor-element elementor-element-b76ec3c elementor-widget elementor-widget-text-editor\" data-id=\"b76ec3c\" data-element_type=\"widget\" data-e-type=\"widget\" data-widget_type=\"text-editor.default\">\n\t\t\t\t\t\t\t\t\t<p><strong>Adelino Can\u00e1rio<\/strong>\u00a0\u2014 EMBRC.PT, Ambiente<\/p>\t\t\t\t\t\t\t\t<\/div>\n\t\t\t\t<\/div>\n\t\t<div class=\"elementor-element elementor-element-95e2d25 e-con-full e-flex e-con e-child\" data-id=\"95e2d25\" data-element_type=\"container\" data-e-type=\"container\" data-settings=\"{&quot;background_background&quot;:&quot;classic&quot;}\">\n\t\t\t\t<div class=\"elementor-element elementor-element-ad27b46 elementor-widget elementor-widget-text-editor\" data-id=\"ad27b46\" data-element_type=\"widget\" data-e-type=\"widget\" data-widget_type=\"text-editor.default\">\n\t\t\t\t\t\t\t\t\t<p><strong>Ant\u00f3nio Pombinho<\/strong>\u00a0\u2014 PT-OPENSCREEN, Sa\u00fade e Alimenta\u00e7\u00e3o<\/p>\t\t\t\t\t\t\t\t<\/div>\n\t\t\t\t<\/div>\n\t\t<div class=\"elementor-element elementor-element-58179ef e-con-full e-flex e-con e-child\" data-id=\"58179ef\" data-element_type=\"container\" data-e-type=\"container\" data-settings=\"{&quot;background_background&quot;:&quot;classic&quot;}\">\n\t\t\t\t<div class=\"elementor-element elementor-element-0d6b8db elementor-widget elementor-widget-text-editor\" data-id=\"0d6b8db\" data-element_type=\"widget\" data-e-type=\"widget\" data-widget_type=\"text-editor.default\">\n\t\t\t\t\t\t\t\t\t<p><strong>Domingos Barbosa<\/strong>\u00a0\u2014 ENGAGE SKA, Ci\u00eancias F\u00edsicas e Engenharias<\/p>\t\t\t\t\t\t\t\t<\/div>\n\t\t\t\t<\/div>\n\t\t<div class=\"elementor-element elementor-element-a26553b e-con-full e-flex e-con e-child\" data-id=\"a26553b\" data-element_type=\"container\" data-e-type=\"container\" data-settings=\"{&quot;background_background&quot;:&quot;classic&quot;}\">\n\t\t\t\t<div class=\"elementor-element elementor-element-3d1f61d elementor-widget elementor-widget-text-editor\" data-id=\"3d1f61d\" data-element_type=\"widget\" data-e-type=\"widget\" data-widget_type=\"text-editor.default\">\n\t\t\t\t\t\t\t\t\t<p><strong>Eurico Cabrita<\/strong>\u00a0\u2014 PTRMN, Ci\u00eancias F\u00edsicas e Engenharias<\/p>\t\t\t\t\t\t\t\t<\/div>\n\t\t\t\t<\/div>\n\t\t<div class=\"elementor-element elementor-element-81cbbed e-con-full e-flex e-con e-child\" data-id=\"81cbbed\" data-element_type=\"container\" data-e-type=\"container\" data-settings=\"{&quot;background_background&quot;:&quot;classic&quot;}\">\n\t\t\t\t<div class=\"elementor-element elementor-element-8872f5b elementor-widget elementor-widget-text-editor\" data-id=\"8872f5b\" data-element_type=\"widget\" data-e-type=\"widget\" data-widget_type=\"text-editor.default\">\n\t\t\t\t\t\t\t\t\t<p><strong>Marta Louren\u00e7o<\/strong>\u00a0\u2014 PRISC, Inova\u00e7\u00e3o Social e Cultural<\/p>\t\t\t\t\t\t\t\t<\/div>\n\t\t\t\t<\/div>\n\t\t<div class=\"elementor-element elementor-element-5895059 e-con-full e-flex e-con e-child\" data-id=\"5895059\" data-element_type=\"container\" data-e-type=\"container\" data-settings=\"{&quot;background_background&quot;:&quot;classic&quot;}\">\n\t\t\t\t<div class=\"elementor-element elementor-element-a50a01c elementor-widget elementor-widget-text-editor\" data-id=\"a50a01c\" data-element_type=\"widget\" data-e-type=\"widget\" data-widget_type=\"text-editor.default\">\n\t\t\t\t\t\t\t\t\t<p><strong>Pedro Alberto<\/strong>\u00a0\u2014 UC-LCA, Infraestruturas Digitais<\/p>\t\t\t\t\t\t\t\t<\/div>\n\t\t\t\t<\/div>\n\t\t<div class=\"elementor-element elementor-element-e35ca0e e-con-full e-flex e-con e-child\" data-id=\"e35ca0e\" data-element_type=\"container\" data-e-type=\"container\" data-settings=\"{&quot;background_background&quot;:&quot;classic&quot;}\">\n\t\t\t\t<div class=\"elementor-element elementor-element-0b4a51b elementor-widget elementor-widget-text-editor\" data-id=\"0b4a51b\" data-element_type=\"widget\" data-e-type=\"widget\" data-widget_type=\"text-editor.default\">\n\t\t\t\t\t\t\t\t\t<p><strong>Pedro Horta<\/strong>\u00a0\u2014 INIESC, Energia<\/p>\t\t\t\t\t\t\t\t<\/div>\n\t\t\t\t<\/div>\n\t\t<div class=\"elementor-element elementor-element-14fb62a e-con-full e-flex e-con e-child\" data-id=\"14fb62a\" data-element_type=\"container\" data-e-type=\"container\" data-settings=\"{&quot;background_background&quot;:&quot;classic&quot;}\">\n\t\t\t\t<div class=\"elementor-element elementor-element-a66a19f elementor-widget elementor-widget-text-editor\" data-id=\"a66a19f\" data-element_type=\"widget\" data-e-type=\"widget\" data-widget_type=\"text-editor.default\">\n\t\t\t\t\t\t\t\t\t<p><strong>Rui Fernandes<\/strong>\u00a0\u2014 C4G, Ambiente<\/p>\t\t\t\t\t\t\t\t<\/div>\n\t\t\t\t<\/div>\n\t\t\t\t\t<\/div>\n\t\t\t\t<\/div>\n\t\t<div class=\"elementor-element elementor-element-03f7f92 e-flex e-con-boxed e-con e-parent\" data-id=\"03f7f92\" data-element_type=\"container\" data-e-type=\"container\">\n\t\t\t\t\t<div class=\"e-con-inner\">\n\t\t\t\t<div class=\"elementor-element elementor-element-481960e elementor-widget-divider--view-line elementor-widget elementor-widget-divider\" data-id=\"481960e\" data-element_type=\"widget\" data-e-type=\"widget\" data-widget_type=\"divider.default\">\n\t\t\t\t\t\t\t<div class=\"elementor-divider\">\n\t\t\t<span class=\"elementor-divider-separator\">\n\t\t\t\t\t\t<\/span>\n\t\t<\/div>\n\t\t\t\t\t\t<\/div>\n\t\t\t\t<div class=\"elementor-element elementor-element-76e089b elementor-widget elementor-widget-menu-anchor\" data-id=\"76e089b\" data-element_type=\"widget\" data-e-type=\"widget\" data-widget_type=\"menu-anchor.default\">\n\t\t\t\t\t\t\t<div class=\"elementor-menu-anchor\" id=\"documentos\"><\/div>\n\t\t\t\t\t\t<\/div>\n\t\t\t\t\t<\/div>\n\t\t\t\t<\/div>\n\t\t<div class=\"elementor-element elementor-element-f7c1e96 e-flex e-con-boxed e-con e-parent\" data-id=\"f7c1e96\" data-element_type=\"container\" data-e-type=\"container\">\n\t\t\t\t\t<div class=\"e-con-inner\">\n\t\t\t\t<div class=\"elementor-element elementor-element-6a329aa elementor-widget elementor-widget-heading\" data-id=\"6a329aa\" data-element_type=\"widget\" data-e-type=\"widget\" data-widget_type=\"heading.default\">\n\t\t\t\t\t<h2 class=\"elementor-heading-title elementor-size-default\">Documentos<\/h2>\t\t\t\t<\/div>\n\t\t<div class=\"elementor-element elementor-element-5cbb854 e-con-full e-flex e-con e-child\" data-id=\"5cbb854\" data-element_type=\"container\" data-e-type=\"container\" data-settings=\"{&quot;background_background&quot;:&quot;classic&quot;}\">\n\t\t\t\t<div class=\"elementor-element elementor-element-821fbb1 elementor-widget elementor-widget-text-editor\" data-id=\"821fbb1\" data-element_type=\"widget\" data-e-type=\"widget\" data-widget_type=\"text-editor.default\">\n\t\t\t\t\t\t\t\t\t<p><a href=\"https:\/\/cc-rnie.pt\/wp-content\/uploads\/2025\/11\/Regulamento-de-Organizacao-e-Funcionamento-do-CC-RNIE-Aprovado.pdf\" target=\"_blank\" rel=\"noopener\">RNIE &#8211; Regulamento (Out\/2025)<\/a><\/p>\t\t\t\t\t\t\t\t<\/div>\n\t\t\t\t<div class=\"elementor-element elementor-element-f99e5c9 elementor-widget-divider--view-line elementor-widget elementor-widget-divider\" data-id=\"f99e5c9\" data-element_type=\"widget\" data-e-type=\"widget\" data-widget_type=\"divider.default\">\n\t\t\t\t\t\t\t<div class=\"elementor-divider\">\n\t\t\t<span class=\"elementor-divider-separator\">\n\t\t\t\t\t\t<\/span>\n\t\t<\/div>\n\t\t\t\t\t\t<\/div>\n\t\t\t\t<div class=\"elementor-element elementor-element-8ddb610 elementor-widget elementor-widget-text-editor\" data-id=\"8ddb610\" data-element_type=\"widget\" data-e-type=\"widget\" data-widget_type=\"text-editor.default\">\n\t\t\t\t\t\t\t\t\t<p><a href=\"https:\/\/cc-rnie.pt\/wp-content\/uploads\/2025\/11\/Apresentacao_RNIE_MECI_CCDR.pdf\" target=\"_blank\" rel=\"noopener\">RNIE &#8211; Ponto de Situa\u00e7\u00e3o (Dez\/2024)<\/a><\/p>\t\t\t\t\t\t\t\t<\/div>\n\t\t\t\t<div class=\"elementor-element elementor-element-1567de9 elementor-widget-divider--view-line elementor-widget elementor-widget-divider\" data-id=\"1567de9\" data-element_type=\"widget\" data-e-type=\"widget\" data-widget_type=\"divider.default\">\n\t\t\t\t\t\t\t<div class=\"elementor-divider\">\n\t\t\t<span class=\"elementor-divider-separator\">\n\t\t\t\t\t\t<\/span>\n\t\t<\/div>\n\t\t\t\t\t\t<\/div>\n\t\t\t\t<div class=\"elementor-element elementor-element-64c02c2 elementor-widget elementor-widget-text-editor\" data-id=\"64c02c2\" data-element_type=\"widget\" data-e-type=\"widget\" data-widget_type=\"text-editor.default\">\n\t\t\t\t\t\t\t\t\t<p><a href=\"https:\/\/cc-rnie.pt\/wp-content\/uploads\/2025\/11\/RNIE_ReuniaoMinisterio_Jul2024.pdf\" target=\"_blank\" rel=\"noopener\">RNIE &#8211;\u00a0 Carta de Posicionamento (Jul\/2024)<\/a><\/p>\t\t\t\t\t\t\t\t<\/div>\n\t\t\t\t<div class=\"elementor-element elementor-element-1107d10 elementor-widget-divider--view-line elementor-widget elementor-widget-divider\" data-id=\"1107d10\" data-element_type=\"widget\" data-e-type=\"widget\" data-widget_type=\"divider.default\">\n\t\t\t\t\t\t\t<div class=\"elementor-divider\">\n\t\t\t<span class=\"elementor-divider-separator\">\n\t\t\t\t\t\t<\/span>\n\t\t<\/div>\n\t\t\t\t\t\t<\/div>\n\t\t\t\t<div class=\"elementor-element elementor-element-58d87e5 elementor-widget elementor-widget-text-editor\" data-id=\"58d87e5\" data-element_type=\"widget\" data-e-type=\"widget\" data-widget_type=\"text-editor.default\">\n\t\t\t\t\t\t\t\t\t<p><a href=\"https:\/\/cc-rnie.pt\/wp-content\/uploads\/2025\/11\/Portuguese_Roadmap_Infrastructures2020-Reduced_compressed.pdf\" target=\"_blank\" rel=\"noopener\">RNIE &#8211; Atualiza\u00e7\u00e3o do roteiro FCT (2020)<\/a><\/p>\t\t\t\t\t\t\t\t<\/div>\n\t\t\t\t<div class=\"elementor-element elementor-element-ce03bbf elementor-widget elementor-widget-text-editor\" data-id=\"ce03bbf\" data-element_type=\"widget\" data-e-type=\"widget\" data-widget_type=\"text-editor.default\">\n\t\t\t\t\t\t\t\t\t<p>Em breve: \u00e1rea reservada.<\/p>\t\t\t\t\t\t\t\t<\/div>\n\t\t\t\t<\/div>\n\t\t\t\t\t<\/div>\n\t\t\t\t<\/div>\n\t\t\t\t<\/div>\n\t\t","protected":false},"excerpt":{"rendered":"<p>\u00d3rg\u00e3o consultivo e representativo que re\u00fane os coordenadores das Infraestruturas do Roteiro Nacional para articular posi\u00e7\u00f5es comuns, partilhar boas pr\u00e1ticas e assegurar o di\u00e1logo com a tutela, contribuindo para as pol\u00edticas p\u00fablicas, coopera\u00e7\u00e3o nacional, integra\u00e7\u00e3o europeia e a promo\u00e7\u00e3o de acesso respons\u00e1vel, ci\u00eancia aberta e sustentabilidade. Infraestruturas do Roteiro O Roteiro Nacional integra infraestruturas organizadas [&hellip;]<\/p>\n","protected":false},"author":1,"featured_media":0,"parent":0,"menu_order":0,"comment_status":"closed","ping_status":"closed","template":"","meta":{"footnotes":""},"class_list":["post-13","page","type-page","status-publish","hentry"],"_links":{"self":[{"href":"https:\/\/cc-rnie.pt\/index.php\/wp-json\/wp\/v2\/pages\/13","targetHints":{"allow":["GET"]}}],"collection":[{"href":"https:\/\/cc-rnie.pt\/index.php\/wp-json\/wp\/v2\/pages"}],"about":[{"href":"https:\/\/cc-rnie.pt\/index.php\/wp-json\/wp\/v2\/types\/page"}],"author":[{"embeddable":true,"href":"https:\/\/cc-rnie.pt\/index.php\/wp-json\/wp\/v2\/users\/1"}],"replies":[{"embeddable":true,"href":"https:\/\/cc-rnie.pt\/index.php\/wp-json\/wp\/v2\/comments?post=13"}],"version-history":[{"count":121,"href":"https:\/\/cc-rnie.pt\/index.php\/wp-json\/wp\/v2\/pages\/13\/revisions"}],"predecessor-version":[{"id":381,"href":"https:\/\/cc-rnie.pt\/index.php\/wp-json\/wp\/v2\/pages\/13\/revisions\/381"}],"wp:attachment":[{"href":"https:\/\/cc-rnie.pt\/index.php\/wp-json\/wp\/v2\/media?parent=13"}],"curies":[{"name":"wp","href":"https:\/\/api.w.org\/{rel}","templated":true}]}}