{"id":320,"date":"2025-11-18T16:27:29","date_gmt":"2025-11-18T16:27:29","guid":{"rendered":"https:\/\/cc-rnie.pt\/?page_id=320"},"modified":"2025-11-18T17:38:10","modified_gmt":"2025-11-18T17:38:10","slug":"esfri","status":"publish","type":"page","link":"https:\/\/cc-rnie.pt\/index.php\/esfri\/","title":{"rendered":"ESFRI\/ERIC"},"content":{"rendered":"\t\t<div data-elementor-type=\"wp-page\" data-elementor-id=\"320\" class=\"elementor elementor-320\">\n\t\t\t\t<div class=\"elementor-element elementor-element-6bcce73 e-flex e-con-boxed e-con e-parent\" data-id=\"6bcce73\" data-element_type=\"container\" data-e-type=\"container\">\n\t\t\t\t\t<div class=\"e-con-inner\">\n\t\t\t\t<div class=\"elementor-element elementor-element-7a18ba4 elementor-widget elementor-widget-heading\" data-id=\"7a18ba4\" data-element_type=\"widget\" data-e-type=\"widget\" data-widget_type=\"heading.default\">\n\t\t\t\t\t<h2 class=\"elementor-heading-title elementor-size-default\">Lista das Infraestruturas Europeias onde h\u00e1 participa\u00e7\u00e3o portuguesa\n<\/h2>\t\t\t\t<\/div>\n\t\t\t\t<div class=\"elementor-element elementor-element-e21d914 elementor-widget elementor-widget-tablepress-table\" data-id=\"e21d914\" data-element_type=\"widget\" data-e-type=\"widget\" data-widget_type=\"tablepress-table.default\">\n\t\t\t\t\t\n<table id=\"tablepress-10\" class=\"tablepress tablepress-id-10\">\n<thead>\n<tr class=\"row-1\">\n\t<th class=\"column-1\">Acr\u00f3nimo<\/th><th class=\"column-2\">Nome<\/th><th class=\"column-3\">Webpage<\/th><th class=\"column-4\">RNIE<\/th>\n<\/tr>\n<\/thead>\n<tbody class=\"row-striping row-hover\">\n<tr class=\"row-2\">\n\t<td class=\"column-1\">BBMRI ERIC<\/td><td class=\"column-2\">European Research Infrastructure for biobanking and biomolecular resources<\/td><td class=\"column-3\"><a href=\"https:\/\/www.bbmri-eric.eu\/\" target=\"_blank\">https:\/\/www.bbmri-eric.eu\/<\/a><\/td><td class=\"column-4\">Biobanco.pt<\/td>\n<\/tr>\n<tr class=\"row-3\">\n\t<td class=\"column-1\">CCE<\/td><td class=\"column-2\">Cancer Core Europe<\/td><td class=\"column-3\"><a href=\"https:\/\/www.cancercoreeurope.eu\/\" target=\"_blank\">https:\/\/www.cancercoreeurope.eu\/<\/a><\/td><td class=\"column-4\">RNCCC<\/td>\n<\/tr>\n<tr class=\"row-4\">\n\t<td class=\"column-1\">CLARIN ERIC<\/td><td class=\"column-2\">Common Language Resources and Technology Infrastructure<\/td><td class=\"column-3\"><a href=\"https:\/\/www.clarin.eu\/\" target=\"_blank\">https:\/\/www.clarin.eu\/<\/a><\/td><td class=\"column-4\">CLARIN PT<\/td>\n<\/tr>\n<tr class=\"row-5\">\n\t<td class=\"column-1\">DANUBIUS RI<\/td><td class=\"column-2\">International Centre for Advanced Studies on River-Sea Systems<\/td><td class=\"column-3\"><a href=\"https:\/\/danubius-ri.eu\/\" target=\"_blank\">https:\/\/danubius-ri.eu\/<\/a><\/td><td class=\"column-4\">CoastNet<\/td>\n<\/tr>\n<tr class=\"row-6\">\n\t<td class=\"column-1\">DARIAH ERIC<\/td><td class=\"column-2\">Digital Research Infrastructure for the Arts and Humanities<\/td><td class=\"column-3\"><a href=\"https:\/\/www.dariah.eu\/\" target=\"_blank\">https:\/\/www.dariah.eu\/<\/a><\/td><td class=\"column-4\">ROSSIO<\/td>\n<\/tr>\n<tr class=\"row-7\">\n\t<td class=\"column-1\">DiSSCo<\/td><td class=\"column-2\">Distributed System of Scientific Collections<\/td><td class=\"column-3\"><a href=\"https:\/\/www.dissco.eu\/\" target=\"_blank\">https:\/\/www.dissco.eu\/<\/a><\/td><td class=\"column-4\">PRISC<\/td>\n<\/tr>\n<tr class=\"row-8\">\n\t<td class=\"column-1\">E-RIHS<\/td><td class=\"column-2\">European Research Infrastructure for Heritage Science<\/td><td class=\"column-3\"><a href=\"https:\/\/www.e-rihs.eu\/\" target=\"_blank\">https:\/\/www.e-rihs.eu\/<\/a><\/td><td class=\"column-4\">E-RIHS.PT<\/td>\n<\/tr>\n<tr class=\"row-9\">\n\t<td class=\"column-1\">EATRIS ERIC<\/td><td class=\"column-2\">European infrastructure for translational medicine<\/td><td class=\"column-3\"><a href=\"https:\/\/eatris.eu\/\" target=\"_blank\">https:\/\/eatris.eu\/<\/a><\/td><td class=\"column-4\">ViraVector<\/td>\n<\/tr>\n<tr class=\"row-10\">\n\t<td class=\"column-1\">ECRIN ERIC<\/td><td class=\"column-2\">European Clinical Research Infrastructure Network<\/td><td class=\"column-3\"><a href=\"https:\/\/ecrin.org\/\" target=\"_blank\">https:\/\/ecrin.org\/<\/a><\/td><td class=\"column-4\">PtCRIN<\/td>\n<\/tr>\n<tr class=\"row-11\">\n\t<td class=\"column-1\">EGI<\/td><td class=\"column-2\">European Grid Infrastructure<\/td><td class=\"column-3\"><a href=\"https:\/\/www.egi.eu\/\" target=\"_blank\">https:\/\/www.egi.eu\/<\/a><\/td><td class=\"column-4\">INCD<\/td>\n<\/tr>\n<tr class=\"row-12\">\n\t<td class=\"column-1\">EIT Health KIC<\/td><td class=\"column-2\">European Institute of Innovation and Technology\u00a0Health<\/td><td class=\"column-3\"><a href=\"https:\/\/eithealth.eu\/\" target=\"_blank\">https:\/\/eithealth.eu\/<\/a><\/td><td class=\"column-4\">MIA-Portugal<\/td>\n<\/tr>\n<tr class=\"row-13\">\n\t<td class=\"column-1\">ELI ERIC<\/td><td class=\"column-2\">Extreme Light Infrastructure<\/td><td class=\"column-3\"><a href=\"https:\/\/www.eli-laser.eu\/\" target=\"_blank\">https:\/\/www.eli-laser.eu\/<\/a><\/td><td class=\"column-4\">LLPT<\/td>\n<\/tr>\n<tr class=\"row-14\">\n\t<td class=\"column-1\">ELIXIR<\/td><td class=\"column-2\">European life sciences infrastructure<\/td><td class=\"column-3\"><a href=\"https:\/\/elixir-europe.org\/\" target=\"_blank\">https:\/\/elixir-europe.org\/<\/a><\/td><td class=\"column-4\">BioData.pt<\/td>\n<\/tr>\n<tr class=\"row-15\">\n\t<td class=\"column-1\">EMBRC ERIC<\/td><td class=\"column-2\">European Marine Biological Resource Centre<\/td><td class=\"column-3\"><a href=\"https:\/\/www.embrc.eu\/\" target=\"_blank\">https:\/\/www.embrc.eu\/<\/a><\/td><td class=\"column-4\">EMBRC.PT<\/td>\n<\/tr>\n<tr class=\"row-16\">\n\t<td class=\"column-1\">EMSO ERIC<\/td><td class=\"column-2\">European Multidisciplinary Seafloor and water column Observatory<\/td><td class=\"column-3\"><a href=\"https:\/\/emso.eu\/\" target=\"_blank\">https:\/\/emso.eu\/<\/a><\/td><td class=\"column-4\">EMSO-PT<\/td>\n<\/tr>\n<tr class=\"row-17\">\n\t<td class=\"column-1\">EPOS ERIC<\/td><td class=\"column-2\">European Plate Observing System<\/td><td class=\"column-3\"><a href=\"https:\/\/www.epos-eu.org\/epos-eric\" target=\"_blank\">https:\/\/www.epos-eu.org\/epos-eric<\/a><\/td><td class=\"column-4\">C4G<\/td>\n<\/tr>\n<tr class=\"row-18\">\n\t<td class=\"column-1\">ESA<\/td><td class=\"column-2\">European Space Agency<\/td><td class=\"column-3\"><a href=\"https:\/\/www.esa.int\/\" target=\"_blank\">https:\/\/www.esa.int\/<\/a><\/td><td class=\"column-4\">ESTHER<\/td>\n<\/tr>\n<tr class=\"row-19\">\n\t<td class=\"column-1\">ESA<\/td><td class=\"column-2\">European Space Agency<\/td><td class=\"column-3\"><a href=\"https:\/\/www.esa.int\/\" target=\"_blank\">https:\/\/www.esa.int\/<\/a><\/td><td class=\"column-4\">Portugal Space<\/td>\n<\/tr>\n<tr class=\"row-20\">\n\t<td class=\"column-1\">EU-OPENSCREEN ERIC<\/td><td class=\"column-2\">EU-OPENSCREEN<\/td><td class=\"column-3\"><a href=\"https:\/\/www.eu-openscreen.eu\/\" target=\"_blank\">https:\/\/www.eu-openscreen.eu\/<\/a><\/td><td class=\"column-4\">PT-OPENSCREEN<\/td>\n<\/tr>\n<tr class=\"row-21\">\n\t<td class=\"column-1\">EU-SOLARIS ERIC<\/td><td class=\"column-2\">European Research Infrastructure for Concentrated Solar Power \/Solar Thermal Energy<\/td><td class=\"column-3\"><a href=\"https:\/\/eu-solaris.eu\/\" target=\"_blank\">https:\/\/eu-solaris.eu\/<\/a><\/td><td class=\"column-4\">INIESC<\/td>\n<\/tr>\n<tr class=\"row-22\">\n\t<td class=\"column-1\">EuPRAXIA<\/td><td class=\"column-2\">EuPraxia<\/td><td class=\"column-3\"><a href=\"https:\/\/www.eupraxia-dn.org\/\" target=\"_blank\">https:\/\/www.eupraxia-dn.org\/<\/a><\/td><td class=\"column-4\">LLPT<\/td>\n<\/tr>\n<tr class=\"row-23\">\n\t<td class=\"column-1\">Euro-Argo ERIC<\/td><td class=\"column-2\">European contribution to the Argo programme<\/td><td class=\"column-3\"><a href=\"https:\/\/www.euro-argo.eu\/\" target=\"_blank\">https:\/\/www.euro-argo.eu\/<\/a><\/td><td class=\"column-4\">TEC4SEA<\/td>\n<\/tr>\n<tr class=\"row-24\">\n\t<td class=\"column-1\">EuroBiolmaging ERIC<\/td><td class=\"column-2\">Euro-Biolmaging<\/td><td class=\"column-3\"><a href=\"https:\/\/www.eurobioimaging.eu\/\" target=\"_blank\">https:\/\/www.eurobioimaging.eu\/<\/a><\/td><td class=\"column-4\">PPBI<\/td>\n<\/tr>\n<tr class=\"row-25\">\n\t<td class=\"column-1\">EuroBiolmaging ERIC<\/td><td class=\"column-2\">Euro-Biolmaging<\/td><td class=\"column-3\"><a href=\"https:\/\/www.eurobioimaging.eu\/\" target=\"_blank\">https:\/\/www.eurobioimaging.eu\/<\/a><\/td><td class=\"column-4\">BIN<\/td>\n<\/tr>\n<tr class=\"row-26\">\n\t<td class=\"column-1\">EuroHPC,<\/td><td class=\"column-2\">European High Performance Computing Joint Undertaking<\/td><td class=\"column-3\"><a href=\"https:\/\/www.eurohpc-ju.europa.eu\/index_en\" target=\"_blank\">https:\/\/www.eurohpc-ju.europa.eu\/index_en<\/a><\/td><td class=\"column-4\">RNCA<\/td>\n<\/tr>\n<tr class=\"row-27\">\n\t<td class=\"column-1\">Fraunhofer Association<\/td><td class=\"column-2\">Fraunhofer-Gesellschaft<\/td><td class=\"column-3\"><a href=\"https:\/\/www.fraunhofer.de\/en.html\" target=\"_blank\">https:\/\/www.fraunhofer.de\/en.html<\/a><\/td><td class=\"column-4\">FhP-AWAM<\/td>\n<\/tr>\n<tr class=\"row-28\">\n\t<td class=\"column-1\">Fraunhofer Association<\/td><td class=\"column-2\">Fraunhofer-Gesellschaft<\/td><td class=\"column-3\"><a href=\"https:\/\/www.fraunhofer.de\/en.html\" target=\"_blank\">https:\/\/www.fraunhofer.de\/en.html<\/a><\/td><td class=\"column-4\">FOODCHAIN-PT<\/td>\n<\/tr>\n<tr class=\"row-29\">\n\t<td class=\"column-1\">G\u00c9ANT<\/td><td class=\"column-2\">G\u00c9ANT<\/td><td class=\"column-3\"><a href=\"https:\/\/geant.org\/\" target=\"_blank\">https:\/\/geant.org\/<\/a><\/td><td class=\"column-4\">RCTS<\/td>\n<\/tr>\n<tr class=\"row-30\">\n\t<td class=\"column-1\">INFRAFONTIER<\/td><td class=\"column-2\">European Research Infrastructure for Modelling Human Diseases<\/td><td class=\"column-3\"><a href=\"https:\/\/www.infrafrontier.eu\/\" target=\"_blank\">https:\/\/www.infrafrontier.eu\/<\/a><\/td><td class=\"column-4\">CONGENTO<\/td>\n<\/tr>\n<tr class=\"row-31\">\n\t<td class=\"column-1\">INSTRUCT ERIC<\/td><td class=\"column-2\">Structural Biology European Research Infrastructure Consortium<\/td><td class=\"column-3\"><a href=\"https:\/\/instruct-eric.org\/\" target=\"_blank\">https:\/\/instruct-eric.org\/<\/a><\/td><td class=\"column-4\">PTNMR<\/td>\n<\/tr>\n<tr class=\"row-32\">\n\t<td class=\"column-1\">INSTRUCT ERIC<\/td><td class=\"column-2\">Structural Biology European Research Infrastructure Consortium<\/td><td class=\"column-3\"><a href=\"https:\/\/instruct-eric.org\/\" target=\"_blank\">https:\/\/instruct-eric.org\/<\/a><\/td><td class=\"column-4\">RNEM<\/td>\n<\/tr>\n<tr class=\"row-33\">\n\t<td class=\"column-1\">LifeWatch ERIC<\/td><td class=\"column-2\">e-Science European infrastructure for biodiversity and ecosystem research<\/td><td class=\"column-3\"><a href=\"https:\/\/www.lifewatch.eu\/\" target=\"_blank\">https:\/\/www.lifewatch.eu\/<\/a><\/td><td class=\"column-4\">PORBIOTA<\/td>\n<\/tr>\n<tr class=\"row-34\">\n\t<td class=\"column-1\">MIRRI ERIC<\/td><td class=\"column-2\">Microbial Resource Research Infrastructure<\/td><td class=\"column-3\"><a href=\"https:\/\/www.mirri.org\/\" target=\"_blank\">https:\/\/www.mirri.org\/<\/a><\/td><td class=\"column-4\">PtmBRCN\/MIRRI-PT<\/td>\n<\/tr>\n<tr class=\"row-35\">\n\t<td class=\"column-1\">PRACE<\/td><td class=\"column-2\">Partnership For Advanced Computing in Europe<\/td><td class=\"column-3\"><a href=\"https:\/\/prace-ri.eu\/\" target=\"_blank\">https:\/\/prace-ri.eu\/<\/a><\/td><td class=\"column-4\">UC-LCA<\/td>\n<\/tr>\n<tr class=\"row-36\">\n\t<td class=\"column-1\">SHARE ERIC<\/td><td class=\"column-2\">the Survey of Health, Ageing and Retirement in Europe<\/td><td class=\"column-3\"><a href=\"https:\/\/share-eric.eu\/\" target=\"_blank\">https:\/\/share-eric.eu\/<\/a><\/td><td class=\"column-4\">DataLab<\/td>\n<\/tr>\n<tr class=\"row-37\">\n\t<td class=\"column-1\">SKA<\/td><td class=\"column-2\">SKA<\/td><td class=\"column-3\"><a href=\"https:\/\/www.skao.int\/en\" target=\"_blank\">https:\/\/www.skao.int\/en<\/a><\/td><td class=\"column-4\">ENGAGE SKA<\/td>\n<\/tr>\n<tr class=\"row-38\">\n\t<td class=\"column-1\">Windscanner.EU<\/td><td class=\"column-2\">European WindScanner Facility<\/td><td class=\"column-3\"><a href=\"http:\/\/www.windscanner.eu\" target=\"_blank\">http:\/\/www.windscanner.eu<\/a><\/td><td class=\"column-4\">Windscanner.PT<\/td>\n<\/tr>\n<\/tbody>\n<\/table>\n<!-- #tablepress-10 from cache -->\t\t\t\t<\/div>\n\t\t\t\t\t<\/div>\n\t\t\t\t<\/div>\n\t\t\t\t<\/div>\n\t\t","protected":false},"excerpt":{"rendered":"<p>Lista das Infraestruturas Europeias onde h\u00e1 participa\u00e7\u00e3o portuguesa Editar Acr\u00f3nimo Nome Webpage RNIE BBMRI ERIC European Research Infrastructure for biobanking and biomolecular resources https:\/\/www.bbmri-eric.eu\/ Biobanco.pt CCE Cancer Core Europe https:\/\/www.cancercoreeurope.eu\/ RNCCC CLARIN ERIC Common Language Resources and Technology Infrastructure https:\/\/www.clarin.eu\/ CLARIN PT DANUBIUS RI International Centre for Advanced Studies on River-Sea Systems https:\/\/danubius-ri.eu\/ CoastNet DARIAH [&hellip;]<\/p>\n","protected":false},"author":1,"featured_media":0,"parent":0,"menu_order":0,"comment_status":"closed","ping_status":"closed","template":"","meta":{"footnotes":""},"class_list":["post-320","page","type-page","status-publish","hentry"],"_links":{"self":[{"href":"https:\/\/cc-rnie.pt\/index.php\/wp-json\/wp\/v2\/pages\/320","targetHints":{"allow":["GET"]}}],"collection":[{"href":"https:\/\/cc-rnie.pt\/index.php\/wp-json\/wp\/v2\/pages"}],"about":[{"href":"https:\/\/cc-rnie.pt\/index.php\/wp-json\/wp\/v2\/types\/page"}],"author":[{"embeddable":true,"href":"https:\/\/cc-rnie.pt\/index.php\/wp-json\/wp\/v2\/users\/1"}],"replies":[{"embeddable":true,"href":"https:\/\/cc-rnie.pt\/index.php\/wp-json\/wp\/v2\/comments?post=320"}],"version-history":[{"count":23,"href":"https:\/\/cc-rnie.pt\/index.php\/wp-json\/wp\/v2\/pages\/320\/revisions"}],"predecessor-version":[{"id":378,"href":"https:\/\/cc-rnie.pt\/index.php\/wp-json\/wp\/v2\/pages\/320\/revisions\/378"}],"wp:attachment":[{"href":"https:\/\/cc-rnie.pt\/index.php\/wp-json\/wp\/v2\/media?parent=320"}],"curies":[{"name":"wp","href":"https:\/\/api.w.org\/{rel}","templated":true}]}}